515 is divided by 18994.
79
What is the remainder when 7531482 is divided by 43533?
273
What is the remainder when 153121702 is divided by 192?
166
Calculate the remainder when 11754636 is divided by 18196.
20
What is the remainder when 72390 is divided by 71801?
589
What is the remainder when 2504107 is divided by 86?
45
What is the remainder when 4851304 is divided by 91534?
2
Calculate the remainder when 9591 is divided by 7782.
1809
What is the remainder when 48407 is divided by 250?
157
Calculate the remainder when 1567588 is divided by 26569.
17
What is the remainder when 52932 is divided by 12746?
1948
What is the remainder when 527621 is divided by 105350?
871
What is the remainder when 152620 is divided by 152470?
150
Calculate the remainder when 779851 is divided by 6842.
6705
What is the remainder when 69783999 is divided by 11?
10
What is the remainder when 368181446 is divided by 42?
38
What is the remainder when 2884289 is divided by 21?
2
Calculate the remainder when 72620549 is divided by 31.
11
Calculate the remainder when 13838 is divided by 2752.
78
Calculate the remainder when 1547823 is divided by 1547822.
1
What is the remainder when 6458536 is divided by 129169?
86
What is the remainder when 53086994 is divided by 207371?
18
What is the remainder when 1467924 is divided by 233?
24
Calculate the remainder when 6542 is divided by 500.
42
What is the remainder when 3055725 is divided by 45607?
56
What is the remainder when 313734 is divided by 811?
688
What is the remainder when 24701 is divided by 602?
19
Calculate the remainder when 24116261 is divided by 4019376.
5
Calculate the remainder when 205563 is divided by 6196.
1095
Calculate the remainder when 9743390 is divided by 51281.
0
What is the remainder when 1530896 is divided by 5410?
5276
Calculate the remainder when 28376 is divided by 13929.
518
What is the remainder when 1232243 is divided by 246440?
43
What is the remainder when 32637 is divided by 3562?
579
Calculate the remainder when 54147810 is divided by 9.
3
What is the remainder when 304302 is divided by 100805?
1887
What is the remainder when 53752574 is divided by 655?
654
Calculate the remainder when 413410527 is divided by 19.
15
Calculate the remainder when 356701 is divided by 171.
166
What is the remainder when 12615999 is divided by 1802284?
11
Calculate the remainder when 454373 is divided by 701.
125
What is the remainder when 2290862 is divided by 1145428?
6
Calculate the remainder when 266859 is divided by 1102.
175
What is the remainder when 6556133 is divided by 31?
5
Calculate the remainder when 32128257 is divided by 3338.
7
What is the remainder when 941497 is divided by 19214?
11
What is the remainder when 1541157 is divided by 9632?
37
What is the remainder when 30317013 is divided by 20?
13
Calculate the remainder when 2045717 is divided by 2045413.
304
What is the remainder when 854070 is divided by 85?
75
Calculate the remainder when 53228438 is divided by 936.
926
Calculate the remainder when 141620 is divided by 3631.
11
What is the remainder when 31629188 is divided by 26?
6
Calculate the remainder when 55876090 is divided by 27938042.
6
What is the remainder when 29613059 is divided by 1798?
1797
Calculate the remainder when 5255584 is divided by 42.
40
What is the remainder when 381329998 is divided by 6690?
6688
What is the remainder when 157544 is divided by 78753?
38
What is the remainder when 368014 is divided by 152?
22
What is the remainder when 36747100 is divided by 12249031?
7
What is the remainder when 1173235 is divided by 359?
23
Calculate the remainder when 316403336 is divided by 4026.
4022
Calculate the remainder when 72477 is divided by 24088.
213
What is the remainder when 206093 is divided by 560?
13
What is the remainder when 2618987 is divided by 12?
11
What is the remainder when 179668 is divided by 38?
4
Calculate the remainder when 67468758 is divided by 1791.
1788
Calculate the remainder when 103278 is divided by 1281.
798
What is the remainder when 37263625 is divided by 26279?
3
What is the remainder when 4015373 is divided by 731?
721
What is the remainder when 8376739 is divided by 78287?
30
Calculate the remainder when 35091 is divided by 35.
21
Calculate the remainder when 1473983 is divided by 126.
35
What is the remainder when 30154867 is divided by 1487?
1481
Calculate the remainder when 3551256 is divided by 21265.
1
Calculate the remainder when 17646791 is divided by 229179.
8
What is the remainder when 57793240 is divided by 473715?
10
Calculate the remainder when 641524091 is divided by 7964.
7963
Calculate the remainder when 2158470 is divided by 9.
0
What is the remainder when 25551 is divided by 5022?
441
What is the remainder when 5756397 is divided by 328?
325
What is the remainder when 1150456 is divided by 230031?
301
What is the remainder when 22424959 is divided by 316?
19
What is the remainder when 106840 is divided by 26?
6
What is the remainder when 227472 is divided by 798?
42
What is the remainder when 14744791 is divided by 20?
11
Calculate the remainder when 4616136 is divided by 2308041.
54
Calculate the remainder when 149664799 is divided by 13.
11
Calculate the remainder when 24650 is divided by 96.
74
What is the remainder when 416049 is divided by 144?
33
What is the remainder when 159610 is divided by 1140?
10
What is the remainder when 2216011 is divided by 14973?
7
What is the remainder when 1150967 is divided by 124?
123
Calculate the remainder when 390746 is divided by 60.
26
Calculate the remainder when 104015244 is divided by 34671738.
30
What is the remainder when 1011546 is divided by 405?
261
What is the remainder when 175055 is divided by 6513?
5717
Calculate the remainder when 474620 is divided by 621.
176
What is the remainder when 525131 is divided by 116?
115
What is the remainder when 2478953 is divided by 33956?
165
Calculate the remainder when 75153 is divided by 1475.
1403
Calculate the remainder when 9526295 is divided by 26.
25
What is the remainder when 1211295 is divided by 100895?
555
Calculate the remainder when 343827 is divided by 856.
571
Calculate the remainder when 2939757 is divided by 4101.
3441
What is the remainder when 375196663 is divided by 2841?
2839
What is the remainder when 2642387 is divided by 12765?
32
What is the remainder when 411334 is divided by 3923?
3342
What is the remainder when 14555714 is divided by 3?
2
Calculate the remainder when 520881277 is divided by 859.
857
Calculate the remainder when 685243 is divided by 219.
211
What is the remainder when 4268 is divided by 37?
13
What is the remainder when 461098 is divided by 201?
4
Calculate the remainder when 827288 is divided by 15.
8
What is the remainder when 34740 is divided by 34735?
5
What is the remainder when 196710202 is divided by 18?
10
What is the remainder when 99396 is divided by 4?
0
What is the remainder when 378067 is divided by 3050?
2917
What is the remainder when 296255 is divided by 98634?
353
What is the remainder when 85761 is divided by 81?
63
Calculate the remainder when 349551 is divided by 7132.
83
Calculate the remainder when 2619526 is divided by 1690.
26
Calculate the remainder when 81747843 is divided by 16349563.
28
Calculate the remainder when 2934987 is divided by 10.
7
What is the remainder when 641150 is divided by 12918?
8168
What is the remainder when 213282288 is divided by 289?
288
What is the remainder when 16124368 is divided by 310084?
0
What is the remainder when 246949496 is divided by 49389896?
16
Calculate the remainder when 37294366 is divided by 13921.
7
What is the remainder when 14908156 is divided by 177478?
4
What is the remainder when 3843462 is divided by 1639?
7
What is the remainder when 39499 is divided by 7474?
2129
Calculate the remainder when 8656481 is divided by 4328231.
19
Calculate the remainder when 73414137 is divided by 241.
235
Calculate the remainder when 108333 is divided by 1736.
701
What is the remainder when 199976 is divided by 834?
650
What is the remainder when 47728 is divided by 1443?
109
What is the remainder when 38379262 is divided by 118?
116
Calculate the remainder when 1554865 is divided by 98.
95
What is the remainder when 845713 is